{"id":2940,"date":"2026-01-08T17:45:07","date_gmt":"2026-01-08T16:45:07","guid":{"rendered":"https:\/\/casa-ayni.ch\/?post_type=tribe_events&#038;p=2940"},"modified":"2026-01-08T17:45:07","modified_gmt":"2026-01-08T16:45:07","slug":"el-susurro-de-los-antepasados-taller-de-constelaciones-chamanicas","status":"publish","type":"tribe_events","link":"https:\/\/casa-ayni.ch\/es\/event\/el-susurro-de-los-antepasados-taller-de-constelaciones-chamanicas\/","title":{"rendered":"El susurro de los antepasados \u2013 Taller de constelaciones cham\u00e1nicas"},"content":{"rendered":"<p>Las constelaciones cham\u00e1nicas, tal y como las aplicaremos en este taller, consisten en una fusi\u00f3n de las constelaciones familiares cl\u00e1sicas (Bert Hellinger) y el conocimiento cham\u00e1nico ancestral sobre la interconexi\u00f3n de las dimensiones visibles e invisibles del ser y c\u00f3mo esto afecta a nuestra vida actual.<\/p>\n<p>Trabajaremos a nivel energ\u00e9tico, f\u00edsico y psicol\u00f3gico. Podr\u00e1s liberarte de:<\/p>\n<ul>\n<li>Cargas y patrones familiares que no te sirven<\/li>\n<li>Sanar y reintegrar partes fragmentadas de tu alma (trabajo con traumas)<\/li>\n<li>Limpiar energ\u00edas atrapadas en tu cuerpo sutil<\/li>\n<li>Reconectarte con la fuerza que tus ancestros te proporcionan para vivir plenamente en tu cuerpo f\u00edsico, conectado con tu energ\u00eda m\u00e1s vital.<\/li>\n<\/ul>\n<p>Trabajaremos en un grupo de m\u00e1ximo 6 participantes para poder profundizar y trabajar de manera dedicada.<\/p>\n<p>Taller: 390 CHF \/ Comidas y alojamiento: 110 CHF<\/p>\n<p>Para m\u00e1s informaci\u00f3n e inscripciones, ponte en contacto con nosotros.<\/p>\n<p>Cierre de inscripciones: 16 de Febrero del 2026.<\/p>\n","protected":false},"excerpt":{"rendered":"<p>Las constelaciones cham\u00e1nicas, tal y como las aplicaremos en este taller, consisten en una fusi\u00f3n de las constelaciones familiares cl\u00e1sicas (Bert Hellinger) y el conocimiento cham\u00e1nico ancestral sobre la interconexi\u00f3n &#8230;<\/p>\n","protected":false},"author":3,"featured_media":2941,"template":"","meta":{"_tribe_events_status":"","_tribe_events_status_reason":"","footnotes":""},"tags":[],"tribe_events_cat":[],"class_list":["post-2940","tribe_events","type-tribe_events","status-publish","has-post-thumbnail","hentry"],"_links":{"self":[{"href":"https:\/\/casa-ayni.ch\/es\/wp-json\/wp\/v2\/tribe_events\/2940","targetHints":{"allow":["GET"]}}],"collection":[{"href":"https:\/\/casa-ayni.ch\/es\/wp-json\/wp\/v2\/tribe_events"}],"about":[{"href":"https:\/\/casa-ayni.ch\/es\/wp-json\/wp\/v2\/types\/tribe_events"}],"author":[{"embeddable":true,"href":"https:\/\/casa-ayni.ch\/es\/wp-json\/wp\/v2\/users\/3"}],"version-history":[{"count":1,"href":"https:\/\/casa-ayni.ch\/es\/wp-json\/wp\/v2\/tribe_events\/2940\/revisions"}],"predecessor-version":[{"id":2942,"href":"https:\/\/casa-ayni.ch\/es\/wp-json\/wp\/v2\/tribe_events\/2940\/revisions\/2942"}],"wp:featuredmedia":[{"embeddable":true,"href":"https:\/\/casa-ayni.ch\/es\/wp-json\/wp\/v2\/media\/2941"}],"wp:attachment":[{"href":"https:\/\/casa-ayni.ch\/es\/wp-json\/wp\/v2\/media?parent=2940"}],"wp:term":[{"taxonomy":"post_tag","embeddable":true,"href":"https:\/\/casa-ayni.ch\/es\/wp-json\/wp\/v2\/tags?post=2940"},{"taxonomy":"tribe_events_cat","embeddable":true,"href":"https:\/\/casa-ayni.ch\/es\/wp-json\/wp\/v2\/tribe_events_cat?post=2940"}],"curies":[{"name":"wp","href":"https:\/\/api.w.org\/{rel}","templated":true}]}}

El susurro de los antepasados – Taller de constelaciones chamánicas

<p>Las constelaciones chamánicas, tal y como las aplicaremos en este taller, consisten en una fusión de las constelaciones familiares clásicas (Bert Hellinger) y el conocimiento chamánico ancestral sobre la interconexión de las dimensiones visibles e invisibles del ser y cómo esto afecta a nuestra vida actual.</p>
<p>Trabajaremos a nivel energético, físico y psicológico. Podrás liberarte de:</p>
<ul>
<li>Cargas y patrones familiares que no te sirven</li>
<li>Sanar y reintegrar partes fragmentadas de tu alma (trabajo con traumas)</li>
<li>Limpiar energías atrapadas en tu cuerpo sutil</li>
<li>Reconectarte con la fuerza que tus ancestros te proporcionan para vivir plenamente en tu cuerpo físico, conectado con tu energía más vital.</li>
</ul>
<p>Trabajaremos en un grupo de máximo 6 participantes para poder profundizar y trabajar de manera dedicada.</p>
<p>Taller: 390 CHF / Comidas y alojamiento: 110 CHF</p>
<p>Para más información e inscripciones, ponte en contacto con nosotros.</p>
<p>Cierre de inscripciones: 16 de Febrero del 2026.</p>

<p>Las constelaciones chamánicas, tal y como las aplicaremos en este taller, consisten en una fusión de las constelaciones familiares clásicas (Bert Hellinger) y el conocimiento chamánico ancestral sobre la interconexión &#8230;</p>
